lue of -1 + -21 - (9 + -14 + 7 + 2)?
-26
Calculate 5 + (-3 - (4 + -3 + 0)).
1
What is the value of (1 - 1) + 0 + -7 + 8?
1
Evaluate 1 + (-1 - 3 - (14 + -10 + -6)).
-1
Calculate -3 + 9 + (-7 - 7) + 3 + 46.
41
-8 + 12 + 15 + -18
1
What is the value of -11 + (3 - (-3 + (12 - 4) + -7))?
-6
What is the value of 20 + 8 + -5 - 15?
8
(28 - 2) + -44 + -50 + 95
27
What is 2 + -35 + 24 + -11?
-20
What is -6 - (-21 + (-16 + 30 - 6))?
7
Calculate -6 + 29 + -41 + 28 + 0.
10
4 + 0 - 13 - (-22 + -22 + 44)
-9
What is -7 + 1 + 1 - (2 - -10 - 7)?
-10
Calculate 8 + -6 + -6 - (-6 - 0).
2
What is 2 - -24 - (92 + -72)?
6
Calculate 7 - (15 + 1 + -4 + (-8 - -5)).
-2
(-9 - -11 - -7) + -4 + -9
-4
Evaluate -24 + -35 + 60 + -9.
-8
-11 + 25 - (2 + -2 + 1 + 2)
11
(-639 - -599) + -1 + 54
13
What is (-1 + 6 - 2) + (1 - 21)?
-17
What is 18 - 52 - -21 - 10?
-23
What is 4 + (19 - 10 - -2)?
15
841 - 868 - (-36 + 1)
8
What is 3 - (14 + 9 + -20)?
0
Calculate -38 + (39 - -13) + -5.
9
What is the value of 13 - 0 - 9 - 13?
-9
-3 + 7 + 4 + -6 - -18
20
What is the value of 28 - 22 - (10 + -1) - 8?
-11
What is 12 - 7 - (-8 + 2 - 2 - -27)?
-14
-8 + -2 + 2 + 2 + -101 + 118
11
(1 + 14 - 1 - 56) + 14
-28
Calculate -2 - (14 + (23 - 48)).
9
Evaluate (1 + (-14 - -10) - 3) + -8.
-14
13652 + -13634 + -1 + 1 + -1 + -2
15
What is the value of -12 - -11 - -23 - -6 - 12?
16
Calculate 2 + -7 - 18 - (0 - (-4 + -1)).
-28
Calculate 1 - -2 - (-11 - (-72 - -32)).
-26
8 + 0 + (-9 - -5) + 1
5
What is the value of (0 - (0 + -1)) + (48 - 41)?
8
What is the value of -22 + 54 + 1 + -25?
8
What is (664 - 685) + (5 + -1 - 1)?
-18
-19 + 22 + (-8 - 2 - -3) - -10
6
-2 - (-3 - 10) - (-116 - -126)
1
Calculate (-1 - (2 + -6)) + (-1123 - -1121).
1
Evaluate 8 - (-4 - (-4 + 12 - 13)).
7
Evaluate 22 - 12 - (47 + -4 + -6 - 1).
-26
Evaluate 9 - 1 - (10 + 9 - 5).
-6
What is the value of -26 + (-29 - -61) + -5?
1
(-9 - 2) + 3 + 25 + (-1 - 16)
0
What is the value of 9 + (-91 + 39 - -21)?
-22
Evaluate 1 - 1 - (-1 + 0 + (-16 - -23)).
-6
What is the value of -13 + (-3 - (-12 + 5))?
-9
What is (-13 - -8 - -47) + -26?
16
What is (-60 - -52) + -6 + -2 - 7?
-23
What is (-3 + -1 - -6) + -5 + 14 + -14?
-3
What is 4 + (16 + -25 - -10) - -2?
7
Evaluate 39 + -35 + -1 + 5 + (2 - 4).
6
Calculate -4 + 3 + (-12 - -24).
11
What is the value of (-7 + 19 - 0 - 5) + 6?
13
What is the value of -7 + -1 + 7 - -7 - 3?
3
What is (-9 - (-9 + 0)) + 8 + -1?
7
What is the value of (-2 - (18 - 12)) + -10 - 12?
-30
Evaluate -3 + -10 + 14 + 8 - (4 + -25).
30
Calculate (9 - 13) + (3 - 1 - (11 - -9)).
-22
Calculate 0 + -31 + (16 - -11) + -15.
-19
Calculate (3 - 5 - 5) + (-2 - -16 - 3).
4
-1 - -3 - (18 - (6 + 16))
6
What is the value of -11 + 3 + 14 - (-9 - 1)?
16
What is the value of (2 - 14) + 16 + (5 - 5)?
4
What is -7 - (-3 + 2 + -6 - -6)?
-6
What is the value of 0 + 3 + -33 + 24 - 13?
-19
What is -2 + 8 - (-8 - (-19 + (1 - -37)))?
33
45 + -32 + (-28 - -4)
-11
What is the value of (-6 - 8) + 3 - (-28 + 4)?
13
(10 - (10 + 13)) + 19
6
Evaluate (-3 - -3) + 29 + -13 + -9.
7
Calculate -29 - (-3 + -24 + 6).
-8
Evaluate 1 + 5 + -11 + -3 + (0 - -11).
3
What is the value of 12 + (-20 - -8) + 5 - 35?
-30
-14 + 25 - (-8 - -7 - -6)
6
Calculate 9 + (-8 + 4 - (-1 + -3)).
9
Calculate (-12 - (-24 + -6)) + -55 - -11.
-26
What is 1 + -3 - (-15 + 7 + 25)?
-19
Evaluate 3 - -7 - 9 - (-7 - 0).
8
Evaluate -10 + (14 - (59 - 30)).
-25
Evaluate (-2 + 3 - 1) + 14 + -29 + 25.
10
Evaluate -1 + -5 + (6 - (-65 + 57)).
8
What is -3 + (38 + 15 - 17) + -6?
27
Calculate (1 - 9) + (16 - (7 + 12)).
-11
-11 + 22 + -3 + (1 - 3) + 0
6
What is the value of -49 + 45 - (1 + 2)?
-7
What is the value of 1 + 3 + (-12 - -3) + -2 + 10?
3
Evaluate -145 + 111 + (-1 - (-16 + 2)).
-21
Calculate -33 + 2 - 15 - -14.
-32
Evaluate -15 + 10 + 15 - 29.
-19
Evaluate -1 + 1 + 4 + 14 + (-4 - 0).
14
What is the value of (18 + -14 - -19) + (5 - -3)?
31
What is 0 - 12 - (-1 + -1 + -4 + 2)?
-8
What is the value of -22 + (-14 + -13 - -34)?
-15
What is 2 - 44 - (52 - 130)?
36
Calculate (4 - 2) + (9 - 25) - -12.
-2
17 - ((-20 - -18) + 3) - -12
28
Calculate -21 + -2 - (95 - 88).
-30
What is 7 - (1 + (5 - (10 + -5)))?
6
What is the value of (-1 - 6) + (-14 - (-13 - -8) - -6)?
-10
10 - (-1 + (-22 - -36))
-3
What is 5 - (2 + 3 + -9) - (-6 - -1)?
14
Calculate 6 - ((-1 - 7) + 29 + -21).
6
14 + 256 + -239 + -1 + -10
20
-5 - (8 - 12) - (-13 - 8)
20
Calculate (10 - 26 - (-6 - 3)) + 2.
-5
What is (2 - 1) + (0 - 11) + -5?
-15
What is the value of -5 + (2 + -1 - 2) + (-4 - 0)?
-10
What is 5 - 43 - -5 - (-68 - -59)?
-24
What is the value of 0 - -1 - (-2 + 6)?
-3
What is the value of (24 - 1) + (-1727 - -1730)?
26
1 + -2 + 4 + -5 - -12
10
3 + (35 - 32 - (0 + 22)) - -3
-13
What is (4 - 2 - -5) + 5 + -5?
7
Calculate -192 + 174 + 2 + -2 + 7.
-11
((3 - 23) + 3 - (-11 - -3)) + 15
6
What is the value of 21 + -43 + 4 - (-1 - 3)?
-14
What is (-2 - -2 - (82 + -88)) + 11?
17
Calculate (-70 - -78) + -6 + 2.
4
Calculate -1 + -5 + 19 + -42 + 15.
-14
Calculate 3 + (6 - 6 - 3) + 5 - 20.
-15
Evaluate 163 + -167 + (7 + -5 - (0 + 0)).
-2
What is 8 + (1 - ((-5 - 3) + 15))?
2
Calculate -29 + (-9 - -23 - 12).
-27
Evaluate 26 - (34 - (61 + -28)).
25
0 + -6 + -17 + 19 + 9
5
What is the value of -18 - (10 - -1 - 3 - (7 - 4))?
-23
What is 15 + -15 + (9 - 12) - -1?
-2
Evaluate -12 + (8 - -2) - (-3 - -9).
-8
Calculate -11 + 11 + -4 - (-11 - -13).
-6
Evaluate -2 + -2 - (22 - ((-2 - -26) + -12)).
-14
Evaluate 1 + 8 + (-9 - -18 - 13).
5
What is (-41 - -42) + (3 + -5 - (0 + -21))?
20
Calculate (29 - 45) + 35 - (0 + 2 - 1).
18
Calculate (-98 - -99) + -1 + 0 + -6.
-6
Calculate -103 - -79 - (-4 + -31).
11
What is the value of -1 - (-7 + (-6 - -22) - 8)?
-2
(297 - 300) + (1 - (2 + 3))
-7
What is (2 - (5 - 2)) + -10 + -7?
-18
What is the value of (8 - 3) + -12 + 12?
5
Evaluate 0 - ((-8 - 4) + 16) - 9.
-13
Calculate -15 + (48 - 39) - -19.
13
-3 + -3 + -2 + 10
2
Evaluate 0 - (-1 - 5 - (7 - (13 + -7))).
7
What is the value of 14 + (15 - 35) - 2?
-8
Calculate -3 - -16 - -21 - (2 - 10 - -3).
39
What is (3 - 0 - (5 + 2 + -3)) + 15?
14
-6 - -8 - (1 - (-16 + 1 + 3))
-11
What is (62 + -72 - (-9 - -1)) + -25 - -8?
-19
(12 - 7) + 6 + -14 + 11
8
What is the value of (-43 - 0) + -106 + 126?
-23
Evaluate (-22 - -2) + 35 + 2 + -2 + 1.
16
Calculate (-9 + (-2 - -7) - -6) + -1 + 5.
6
Evaluate -7 + (8 - (-6 - -4)) + 22 + -29.
-4
Evaluate (71 - 70) + (-3 - (-4 + 18)).
-16
44 + -55 + (10 - -3) + 12
14
Evaluate -11 + (13 - (-1 - -4)).
-1
-184 + 196 - (50 - (1 + (-1 - 0)))
-38
Evaluate (5 + 8 - 8 - -13) + -8 + 1.
11
What is the value of -47 - (10 + -41 + -9)?
-7
What is -32 - (-50 + (-17 - -48))?
-13
Evaluate -28 + -16 + (-17 - -49) - -9.
-3
Calculate 8 + (12 - 51) - -12.
-19
Evaluate -1 + 0 + 12 + (-3 - -20) + -17.
11
What is -4 + -8 + -9 + 33?
12
What is (7 - 0) + 88 + -109 + 4?
-10
What is 33 + 2 + 2 + -7 + 10?
40
What is the value of 2 + 0 + -1 + (-26 - -27)?
2
What is the value of 4 + ((24 - 48) + (0 - -4) - -5)?
-11
What is the value of 24 - (28 - 4 - 4)?
4
What is 428 - 398 - (19 - 1)?
12
Evaluate -7 - (-8 - 10 - -2 - 24).
33
-513 + 484 + (19 - 1)
-11
(2 + (2 - 1) - -4) + 8 + -1
14
What is -11 - (-8 - -2 - (8 + -5))?
-2
-6 + 2 + 2 + 6 - 2 - 6
-4
-11 - (-4 + 9 + 1 + (3 - 8))
-12
Calculate 9 - (-1 - (-34 + 20)).
-4
What is the value of (4 - (12 - 13)) + -11?
-6
-19 - (19 - 37) - -23
22
Calculate -6 + 11 + 7 + (-3 - -13).
22
Evaluate (-17 - -17) + (1 - 29) + -21 + 11.
-38
What is the value of 4 - (-12 + 7 + 19)?
-10
Evaluate (6 - (-3 - -4) - 9) + 25 + -5.
16
What is 1 - (-36 + (34 - 6))?
9
-16 - (-3 + -46 + 22)
11
Calculate (0 - -1) + 229 + -239 - -25.
16
What is the value of -10 + -2 - (85 - 73)?
-24
Evaluate -3 - -26 - (10 + -1 + 6 + -8).
16
What is (1 - -3) + 11 + -5?
10
What is the value of -5 - ((-14 - -15) + (-6 - 0))?
0
Evaluate -1 + (13 - (-7 - -10)).
9
What is the value of -8 + 14 + 27 + -16 + (0 - 0)?
17
What is the value of (1 - 0) + (0 - (-7 + 7 - -2))?
-1
Calculate 9 + 19 + -20 - (-1 - -27).
-18
6 + (-4 - (9 - -5))
-12
What is 14 + (-4 - 16) + -12 + -1 + -10?
-29
(-22 - -17) + (-1 - -8 - 3)
-1
What is the value of -22 - (-7 - (-7 - (1 - 2)))?
-21
What is the value of 12 + (12 + -13 - 0 - 36)?
-25
Evaluate -2 - -6 - (-13 - -24) - 11.
-18
What is (22 - 45) + 3 + 46?
26
(-4 - 1)